re the prime factors of 1759473?
3, 195497
What are the prime factors of 465586?
2, 11, 21163
What are the prime factors of 91234?
2, 11, 13, 29
What are the prime factors of 12844897?
13, 988069
List the prime factors of 740309.
79, 9371
What are the prime factors of 15922060?
2, 5, 7, 11, 211
List the prime factors of 2916276.
2, 3, 11, 22093
What are the prime factors of 10125110?
2, 5, 853, 1187
What are the prime factors of 375138?
2, 3, 6947
What are the prime factors of 309441?
3, 11, 9377
List the prime factors of 193394.
2, 96697
List the prime factors of 1642955.
5, 328591
What are the prime factors of 36665696?
2, 1145803
What are the prime factors of 25934?
2, 12967
List the prime factors of 2896518.
2, 3, 482753
What are the prime factors of 170458?
2, 85229
What are the prime factors of 8999155?
5, 11, 163621
List the prime factors of 46086.
2, 3, 7681
What are the prime factors of 1067698?
2, 71, 73, 103
What are the prime factors of 2014554?
2, 3, 71, 4729
List the prime factors of 4179114.
2, 3, 8599
List the prime factors of 222735.
3, 5, 31, 479
List the prime factors of 4431576.
2, 3, 184649
List the prime factors of 1557743.
11, 141613
List the prime factors of 8030740.
2, 5, 401537
What are the prime factors of 2199295?
5, 7, 31, 2027
What are the prime factors of 5739561?
3, 637729
What are the prime factors of 123900?
2, 3, 5, 7, 59
List the prime factors of 16113938.
2, 19, 23, 103, 179
List the prime factors of 194572.
2, 7, 6949
List the prime factors of 65740.
2, 5, 19, 173
What are the prime factors of 148106?
2, 7, 71, 149
What are the prime factors of 293555?
5, 58711
List the prime factors of 5615697.
3, 19, 83, 1187
What are the prime factors of 5331239?
23, 193, 1201
What are the prime factors of 7552392?
2, 3, 109, 2887
What are the prime factors of 367245?
3, 5, 8161
What are the prime factors of 164873?
79, 2087
What are the prime factors of 1518209?
7, 11, 19717
List the prime factors of 1089868.
2, 13, 20959
List the prime factors of 6338054.
2, 3169027
What are the prime factors of 13005041?
7, 47, 5647
What are the prime factors of 112973?
7, 16139
What are the prime factors of 1881720?
2, 3, 5, 5227
List the prime factors of 2166732.
2, 3, 139, 433
List the prime factors of 2409191.
2409191
What are the prime factors of 20728465?
5, 4145693
What are the prime factors of 668859?
3, 222953
List the prime factors of 29164.
2, 23, 317
List the prime factors of 3856823.
3856823
List the prime factors of 559171.
83, 6737
List the prime factors of 447933.
3, 17, 8783
What are the prime factors of 5277800?
2, 5, 11, 2399
List the prime factors of 277596.
2, 3, 11, 701
List the prime factors of 9760581.
3, 4463
What are the prime factors of 16271332?
2, 7, 11, 7547
What are the prime factors of 435638?
2, 7, 29, 37
What are the prime factors of 1670698?
2, 37, 107, 211
List the prime factors of 385195.
5, 41, 1879
What are the prime factors of 664148?
2, 23, 7219
What are the prime factors of 9496085?
5, 103, 18439
What are the prime factors of 13873411?
17, 109, 7487
List the prime factors of 1402728.
2, 3, 211, 277
List the prime factors of 5020773.
3, 1673591
List the prime factors of 9432983.
7, 1347569
What are the prime factors of 1839175?
5, 13, 5659
What are the prime factors of 665982?
2, 3, 4111
What are the prime factors of 3922394?
2, 7, 503, 557
What are the prime factors of 133992?
2, 3, 1861
What are the prime factors of 8515521?
3, 7, 17, 7951
What are the prime factors of 656105?
5, 131221
List the prime factors of 265057.
13, 20389
What are the prime factors of 17211237?
3, 1163, 4933
What are the prime factors of 66566?
2, 83, 401
What are the prime factors of 86344?
2, 43, 251
List the prime factors of 4226434.
2, 23, 139, 661
What are the prime factors of 358156?
2, 17, 23, 229
List the prime factors of 49271.
29, 1699
List the prime factors of 230251.
7, 37, 127
What are the prime factors of 3584092?
2, 593, 1511
What are the prime factors of 2213657?
29, 76333
What are the prime factors of 501349?
47, 10667
List the prime factors of 213526.
2, 241, 443
List the prime factors of 302397.
3, 100799
List the prime factors of 12680503.
11, 1152773
What are the prime factors of 2097605?
5, 443, 947
What are the prime factors of 162494?
2, 113, 719
List the prime factors of 787018.
2, 19, 139, 149
What are the prime factors of 15211540?
2, 5, 97, 7841
What are the prime factors of 4201665?
3, 5, 13, 29, 743
List the prime factors of 14539211.
14539211
What are the prime factors of 2770195?
5, 113, 4903
What are the prime factors of 1447849?
13, 111373
List the prime factors of 17055026.
2, 8527513
What are the prime factors of 153183?
3, 51061
List the prime factors of 2543641.
2543641
List the prime factors of 81678.
2, 3, 13613
List the prime factors of 85854.
2, 3, 41, 349
What are the prime factors of 7711132?
2, 11, 13, 17, 61
List the prime factors of 485655.
3, 5, 32377
List the prime factors of 17884413.
3, 1987157
List the prime factors of 1595903.
1595903
What are the prime factors of 1641204?
2, 3, 45589
List the prime factors of 24446994.
2, 3, 11, 13, 28493
List the prime factors of 166993.
41, 4073
List the prime factors of 2863052.
2, 47, 97, 157
What are the prime factors of 9072169?
17, 53, 10069
What are the prime factors of 311026?
2, 41, 3793
What are the prime factors of 3427248?
2, 3, 11, 6491
What are the prime factors of 5886423?
3, 654047
What are the prime factors of 4112876?
2, 47, 131, 167
List the prime factors of 6197041.
257, 24113
What are the prime factors of 288803?
288803
List the prime factors of 38824264.
2, 227, 21379
What are the prime factors of 20170562?
2, 10085281
What are the prime factors of 871601?
127, 6863
What are the prime factors of 30569?
7, 11, 397
What are the prime factors of 267366?
2, 3, 11, 4051
What are the prime factors of 7287989?
137, 53197
What are the prime factors of 371321?
371321
List the prime factors of 276253.
23, 12011
What are the prime factors of 58381?
79, 739
List the prime factors of 851813.
851813
What are the prime factors of 3737474?
2, 13, 43, 3343
List the prime factors of 29821597.
13, 31, 73999
What are the prime factors of 5017900?
2, 5, 19, 139
What are the prime factors of 973455?
3, 5, 7, 73, 127
List the prime factors of 5218667.
5218667
What are the prime factors of 368243?
368243
What are the prime factors of 4163432?
2, 7, 13, 19, 43
What are the prime factors of 3829489?
3829489
List the prime factors of 474293.
67, 7079
List the prime factors of 2159934.
2, 3, 7, 51427
List the prime factors of 30874.
2, 43, 359
List the prime factors of 228333.
3, 7, 83, 131
List the prime factors of 769328.
2, 7, 6869
List the prime factors of 3679026.
2, 3, 13, 101, 467
List the prime factors of 1541196.
2, 3, 31, 1381
What are the prime factors of 6592822?
2, 281, 11731
What are the prime factors of 1455286?
2, 7, 19, 5471
List the prime factors of 902836.
2, 11, 17, 71
List the prime factors of 2512871.
887, 2833
List the prime factors of 120703.
11, 10973
List the prime factors of 9123202.
2, 11, 414691
What are the prime factors of 187179?
3, 43, 1451
What are the prime factors of 20679704?
2, 2584963
List the prime factors of 3093803.
3093803
List the prime factors of 478082.
2, 11, 31, 701
List the prime factors of 1421512.
2, 137, 1297
List the prime factors of 8759094.
2, 3, 1459849
List the prime factors of 401711.
401711
What are the prime factors of 1626773?
1626773
List the prime factors of 5620914.
2, 3, 13, 17, 157
What are the prime factors of 135903?
3, 89, 509
What are the prime factors of 259246?
2, 13, 59
List the prime factors of 5552116.
2, 1388029
What are the prime factors of 112430?
2, 5, 11243
List the prime factors of 299384.
2, 37423
What are the prime factors of 16359582?
2, 3, 1117, 2441
List the prime factors of 526050.
2, 3, 5, 7, 167
List the prime factors of 381456.
2, 3, 883
What are the prime factors of 1042423?
17, 3607
What are the prime factors of 805204?
2, 47, 4283
List the prime factors of 334205.
5, 66841
List the prime factors of 5679275.
5, 7, 17, 23, 83
What are the prime factors of 213541?
19, 11239
List the prime factors of 11322.
2, 3, 17, 37
What are the prime fact